*2 - 12*q. Let v(r) = -3*r**3 + 7*r**2 - 11*r - 1. Let t(k) = -4*h(k) + 5*v(k). Give t(b).
7
Let s = -219 + 230. Let j(y) = y**2 - 10*y - 11. What is j(s)?
0
Let o(f) = -f - 1. Let y be o(3). Let v(c) be the first derivative of c**4/4 + 5*c**3/3 + 3*c**2 + 2*c - 256. Determine v(y).
-6
Let t(b) = -b**3 - 4*b**2 - 4. Let r(m) = m**3 + 14*m**2 + 12*m - 5. Let d be r(-13). Let u be ((-4)/d)/(2*2/32). What is t(u)?
-4
Let d(p) = p**2 + p - 1. Let b(o) = -2*o**2 + 9*o - 15. Let n be b(2). Calculate d(n).
19
Let q(b) = b - 11. Let t(z) = -z**2 + 10. Let k be t(0). Let f be q(k). Let d(x) = -3*x**3 - x**2 + x + 1. What is d(f)?
2
Suppose 259 = 33*j - 632. Let d(p) = -p**3 + 28*p**2 - 28*p + 29. Calculate d(j).
2
Let q(r) be the second derivative of r**3/6 + 2*r**2 - 24*r. Determine q(8).
12
Let x = -14 + 14. Let i(l) = l**3 - l**2 + 8. Let o be i(x). Let t be (-294)/(-48) - 1/o. Let f(w) = 3*w - 9. Determine f(t).
9
Let z(g) = -g - 1. Let v be 3/(66/(-4)) + (-8)/(-44). Let u = -1 - -5. Let x = u - v. Give z(x).
-5
Let f(o) = 42 - 12*o + 19*o - 4*o - o. Determine f(-20).
2
Let l(r) = -2*r**2 + 2*r + 3. Suppose 2*k - 38 = -10. Let y = 12 - k. What is l(y)?
-9
Let q(x) = x**3 - 4*x**2 - 4*x. Let v be q(5). Suppose 2*j = v*j - 6. Let d(m) = -4*m**2 + 6*m**2 - 2 + j*m - 3*m**2 - m. What is d(2)?
-4
Let c(w) = -w - 1. Let z = 523 + -522. Determine c(z).
-2
Let t(g) = -g**3 - 4*g**2 + 9*g + 6. Let w(p) = -p**3 - 7*p**2 - 3*p + 3. Let c be w(-7). Suppose c*y + 90 = 9*y. What is t(y)?
24
Let t(y) = -y**3 + 12*y**2 - 11*y - 1. Let d = 36 + -32. Suppose -41 = -3*z - n + 5*n, -d*z + 50 = -3*n. What is t(z)?
-1
Let d(j) be the third derivative of j**6/180 - j**5/60 + j**4/12 + 5*j**3/3 - 8*j**2. Let y(g) be the first derivative of d(g). Give y(2).
6
Let y(p) = -p - 24. Suppose -12*m - 184 - 56 = 0. Calculate y(m).
-4
Let u(b) = -b**3 - 9*b**2 - b - 6. Let t = 305 - 314. What is u(t)?
3
Suppose 14*a - 21 = 17*a. Let d(n) = n**2 + 5*n - 7. Give d(a).
7
Let w(f) = -f**2 + 6*f + 2. Let a be 368/36 - 6/27. Let j(v) = -v**3 + 11*v**2 - 9*v - 5. Let z be j(a). What is w(z)?
7
Let f = 2 - 1. Let x(c) = -c**2 - c. Let j(u) be the second derivative of -u**5/20 + u**4/12 + u**3/2 + u**2/2 - 5*u. Let a(w) = f*j(w) + 5*x(w). What is a(-2)?
-3
Let a(f) be the second derivative of -5*f**3/2 - 3*f**2/2 - 12*f. Suppose 2*u + 44 = -2*u. Let s(d) = -8*d - 1. Let w(k) = u*s(k) + 6*a(k). Determine w(-5).
3
Let k = 8 + -9. Let z(j) = -21*j - 3. Let b(d) = 11*d + 3. Let p(v) = 1. Let c(i) = b(i) - 2*p(i). Let q(o) = -5*c(o) - 2*z(o). What is q(k)?
14
Let l(v) = 10*v - 1. Let c = 5 + -6. Calculate l(c).
-11
Suppose -4 = -4*x + 8. Suppose x = t - 0. Let o(a) = -t + 5 - 1 + 3*a. Calculate o(-1).
-2
Let i(x) = -x**3 + 6*x**2 - 3*x + 16. Let m be i(6). Let u(a) = -3*a - 4. Give u(m).
2
Let n(k) = k**2 + 3*k - 3. Let u(v) = -v**2 + 2*v + 6. Let s be u(3). Let d(b) = 15*b + 3*b - 8*b - s + b**2. Let c be d(-10). Calculate n(c).
-3
Let l(o) be the first derivative of -25*o**4/4 - 2*o**3/3 + o**2/2 + 36. Give l(1).
-26
Let t(s) = -2*s**2 - s + 3*s - 101 - 3*s + 103 + s**3 + 0*s**3. Determine t(3).
8
Let b(y) be the first derivative of -y**4/4 - y**3/3 + 6*y - 2. Let c(r) = -r - 4. Let g = 10 - 14. Let j be c(g). What is b(j)?
6
Let j(o) = -o - 5. Let i = -17 + 17. Let v(p) = p**3 - 3*p**2 - p - 7. Let l be v(i). What is j(l)?
2
Let q be -4*(-2)/((-40)/(-365)). Let m = -77 + q. Let y(t) = -t**2 - 4*t - 3. What is y(m)?
-3
Let j be ((-13)/(-260)*25)/((-10)/(-16)). Let b(s) be the second derivative of 0 - j*s**2 - 1/2*s**3 + 6*s - 1/12*s**4 + 1/20*s**5. Calculate b(3).
5
Let f(w) = -2*w**2 - w + 1. Suppose -345 = 5*o - 5*j, 5*o + 370 = 4*j + 24. Let c = 68 + o. Determine f(c).
-5
Let o(j) = -j**3 + 6*j**2 + 6*j + 8. Suppose -39 = -9*z + 24. Let s be -5*(-8)/(-140) - (-51)/z. Calculate o(s).
1
Suppose -2*m + 5*s - 70 = 0, -s - 3*s = -m - 35. Let q = 36 + m. Let a(l) = 8*l + 1. What is a(q)?
9
Let t(s) = 10*s**3 - 14*s**2 + 16*s - 72. Let n(i) = -7*i**3 + 9*i**2 - 11*i + 48. Let k(g) = 7*n(g) + 5*t(g). Calculate k(7).
-3
Let q(y) = -y - 3. Let j be 0 + 0 - (-6)/1. Suppose j*l - 4*l = 40. Suppose 3*s + 4*t = 7*s + 16, 0 = 4*s - 2*t + l. Determine q(s).
3
Let f be (-225)/(-63) + 6/14. Let q(v) be the third derivative of -3*v**2 + 0*v + 1/3*v**3 + 1/24*v**f - 1/30*v**5 + 0. Determine q(2).
-4
Let m(f) = -f**3 + 10*f**2 + 19*f + 61. Let p be m(12). Let y(t) = -5*t + 1. Calculate y(p).
-4
Suppose 15*c = 11*c + 212. Let g = -50 + c. Let z(s) = -s**2 + 4*s - 3. Calculate z(g).
0
Let i(m) = -38*m + 9. Let p(j) = -6*j + 1. Let l(h) = -i(h) + 6*p(h). What is l(13)?
23
Let l(n) = -4*n**2 - 24*n - 33. Let y be l(-4). Let g(h) = -16*h. What is g(y)?
16
Let i be (5/(-3))/(28/(-6) + 5). Let m(q) = -q**3 - 4*q**2 + 7*q + 2. Calculate m(i).
-8
Let t(n) = -2*n**3 + n**2 + 4*n + 3. Let s(w) = w**2 + 11*w + 18. Let k be s(-11). Let h be 3 - (-60)/k*3/(-2). Determine t(h).
15
Let a(k) = -k**3 - k**2 - 4. Let q be a(-2). Let h(d) be the first derivative of -d**4/4 - d**3/3 - d**2/2 - 6*d - 17. Calculate h(q).
-6
Let q(u) = -3*u**2 - 12444*u - 3 - 3*u**3 + u**3 + 12447*u. What is q(2)?
-25
Let m(x) = -20*x - 1. Suppose -4*n - 5*z - 6 = 0, -10*n + 12*n - 6 = 2*z. Give m(n).
-21
Let a(k) be the third derivative of k**4/4 + k**2. Let l(p) = 125*p - 501. Let h be l(4). Give a(h).
-6
Let q(d) = d - 3. Let f be q(5). Suppose -o - f = -2*o. Let x(b) = b. Let c(i) = -12*i. Let n(g) = 4*c(g) + 44*x(g). Calculate n(o).
-8
Let j(c) = -3*c + 4. Let q(z) = -8*z + 7. Let a(d) = -9*j(d) + 4*q(d). Calculate a(-9).
37
Let b(i) = -i**3 - 3*i**2 + 2*i + 5. Let l = -482 + 479. Calculate b(l).
-1
Let u(j) = 1 + 9*j + 11 + 2034*j**3 - 12*j**2 - 2033*j**3. Give u(11).
-10
Suppose 5*q + 40 = 5*j, -2*j + 3*q - 1 = -22. Let t(u) be the second derivative of -1/4*u**4 + 0 + 1/20*u**5 - 3*u - 1/3*u**j + 2*u**2. Determine t(3).
-2
Suppose 32*s - 212 = -21*s. Let v(l) = -l**2 + 2*l - 13. Give v(s).
-21
Let y(d) be the first derivative of 13*d**3/3 - d**2 + 13*d + 10. Let b(c) = 9*c**2 - c + 9. Let g(f) = -7*b(f) + 5*y(f). What is g(2)?
4
Suppose 5*a - 2*a + 3 = 0. Let f(g) = 15*g - 3. Let z(s) = -15*s + 4. Let h(y) = -5*f(y) - 4*z(y). Calculate h(a).
14
Let l(w) be the first derivative of -2*w**2 + 7*w + 737. What is l(3)?
-5
Let d be (-24)/(-4) - (-1 + 1). Let i(h) = 2*h + 12 + 0*h - d. Calculate i(-4).
-2
Let i(y) = 9*y**3 - y. Let g(h) = h**2 + 6*h - 12. Let r be g(-8). Let t be -1 - r/(-4) - 1. Let n be 2 - t - 18/9. Calculate i(n).
8
Let s(q) = -q + 2. Let g(m) = -2*m + 4. Let i = 37 + -50. Let z(b) = i*s(b) + 6*g(b). Determine z(-3).
-5
Let o(i) = i**3 - 17*i**2 - 26*i + 9. Let z(m) = -m**3 + 18*m**2 + 26*m - 12. Let l(v) = -7*o(v) - 6*z(v). Determine l(13).
9
Let m(g) = -2*g + 17. Let z be m(-8). Let x = 30 - z. Let s(t) = -t**2 + 3*t + 2. Give s(x).
-16
Let d(m) = -3*m + 20. Let j be d(6). Let v(z) = -6*z**2 - j*z**2 + 0*z**2 - 5 + 11*z - z**3 - 2*z**2. What is v(-11)?
-5
Let g(p) = 2*p**3 + 3*p**2 - 6*p - 8. Let u(q) = q**3 + q**2 - 2*q - 2. Let d(o) = 2*g(o) - 7*u(o). What is d(1)?
-4
Let n(h) be the third derivative of 1/120*h**6 - 1/10*h**5 - 2*h**2 + 0*h + 0 + 1/2*h**3 + 1/4*h**4. Calculate n(5).
8
Let d(v) = v**2 - 2*v - v - v + 1. Let f = -130 + 132. Suppose -4*i + f*a = -8, 2*i = -3*i + 4*a + 10. Give d(i).
-3
Let n = 0 - 8. Let d(j) = j**2 + 9*j + 7. Determine d(n).
-1
Let c(a) = -2*a**3 + a**2 + a. Let d be c(1). Let s(j) = -j**2 - j + 17. Calculate s(d).
17
Suppose 446 + 225 = -11*p. Let f = p + 57. Let o(j) = j**2 + 6*j + 5. Calculate o(f).
-3
Let j(z) = -z**3 - 3*z**2. Suppose 3*l + 18 - 3 = 0. Let o be (-3)/(-2 - 1) - l. Let t be 6/18 + (-20)/o. Give j(t).
0
Let h(g) = -g**3 - 9*g**2 - 17*g - 15. Let o be h(-7). Let c(q) = 2*q + 7. Calculate c(o).
19
Let y(g) be the third derivative of -g**5/60 + 7*g**4/24 - 2*g**3/3 - 164*g**2. What is y(3)?
8
Let j = -33 + 24. Let i(w) = -w**3 - 8*w**2 + 7*w - 12. Let t be i(j). Suppose t = -p - 3*a - 3, 5*p - 2*a = 6. Let x(z) = z + 3. Give x(p).
3
Suppose -15 = 5*u, 3 = 3*z + 2*u - 3. Let r(f) = 1 - z*f - 2 + 0*f. Let m(h) = -h**3 - 5*h**2 + 3. Let j be m(0). Give r(j).
-13
Suppose 6 = 5*l - 19. Let c(w) = -w**2 + 5*w - 1. Let g(f) = -5. Let p(o) = -1. Let d(z) = g(z) - 6*p(z). Let t(m) =